) + (-9 - -1) + (119 - 119)?
-8
Evaluate -2 + (20 - (-12 + 26)).
4
What is 2 + 1 - (-22 + 16 + 5 + -24)?
28
-7 - (4 + (-7 - -5) - 4 - 0)
-5
(7 + -1 - (4 - (-11 + -10))) + -1
-20
(1 - 8 - -19) + 12 - 2
22
Calculate -10 + (-82 - -77) + (-1 - -1).
-15
Calculate 27 - -7 - (17 + -9 + 1).
25
What is the value of 9 - (-3 - (-14 - 5 - (1 + -6)))?
-2
(2 - (9 - (9 + -5))) + -10
-13
What is -20 + 33 + 11 + -5?
19
What is the value of -36 + (10 - (-6 - 9) - 8)?
-19
Calculate 3 + 10 + -14 + 3 + -25.
-23
What is the value of 4 + (-1 - (0 + (11 - -5))) - 0?
-13
What is 3 + 15 + (3 - -1 - 6) + -2?
14
24 - 18 - -1 - (-1 - -9) - -5
4
What is -11 + (35 + (1 - 14) - 8)?
3
What is (12 - (22 + -31)) + -30?
-9
Evaluate (2 - 1) + 8 + (-32 - -20).
-3
Calculate 3 + (4 - (3 + 4 + 0 - 6)).
6
(0 + -18 - (-46 - -68)) + -1 + 10
-31
What is 1 + (-13 - -1) + 663 + -677?
-25
What is the value of -20 - (-14 - 2) - (-2 - 1)?
-1
What is -4 - 2 - (-11 - 10 - -24)?
-9
0 - -3 - (19 + -5 - 28)
17
Calculate -11 + -8 + 7 - 1 - -5.
-8
Evaluate 1 + 2 + -10 + (13 - (6 + 4)).
-4
Calculate 18 + -17 + 7 + -2.
6
What is the value of -19 - (7 + -1 + -2 + -11)?
-12
Evaluate -3 - ((-7 + 0 + 44 - 5) + -2).
-33
What is the value of 15 + -32 + -20 + 13?
-24
Calculate -20 + 3 - 1 - (23 + -33).
-8
What is (-8 - (-13 + 29)) + 13?
-11
What is -14 + (-3 + -3 - -14)?
-6
-2 + 4 - (-18 - -23) - -32
29
What is the value of (-5 - (-11 + 20 - 17)) + (1 - -5)?
9
46 + -67 + (0 - -3) + 3
-15
What is the value of -87 - -106 - (12 + -2 - 3)?
12
What is -28 + 0 - (16 - (26 - 14 - -13))?
-19
-7 - ((0 - -6) + (24 - 30) + -1)
-6
Calculate -8 - (-11 + -9 + 9 + 5).
-2
Evaluate -13 - ((13 - (13 + 13)) + -4).
4
Calculate -6 + -14 + -5 + 8.
-17
-4 - (13 - 8) - 0
-9
52 + -47 - (-5 - -20)
-10
What is the value of -2380 - -2386 - (3 + 0 + 5 + -7)?
5
(3 - -12) + 29 + -44
0
Evaluate 18 + 6 + -34 + 35.
25
0 - 11 - (9 + -7 - 27)
14
What is the value of (-19 - (-10 + 0) - -4) + 0?
-5
What is the value of 1 - (-2 - -7 - 13) - 15?
-6
Evaluate 0 - 0 - (2 - (0 + -11)).
-13
Calculate (-18 - (-13 - 0 - (-81 + 75))) + 48.
37
Calculate 10 + 4 + -2 + (-5 - -4).
11
Calculate (24 - 11) + -30 + 8.
-9
Evaluate -2 - (23 + -25 - (9 - (-2 + 0))).
11
What is -23 - (2 + -16 - -3)?
-12
Evaluate -4 + -1 + 2 + (64 - 70).
-9
-1 - -4 - (-47 + 45)
5
-5 - (-9 + (-13 - -15))
2
Evaluate (-7 - -23) + 4 + -23.
-3
What is (-6 - 4) + -15 - (0 + -5 + -1)?
-19
Evaluate 36 - (8 - (9 + -31)).
6
Evaluate (0 - -5) + -331 + 334.
8
Calculate (8 + 5 - 24) + 21.
10
Calculate -35 + -17 + 9 + 7.
-36
-10 + (-7 - -10) + 49 + -27
15
Evaluate -9 + -1 + (4 + (-4 - -1) - -31).
22
Calculate -1 + -19 - (2 - 10).
-12
What is the value of 2 - 12 - (-141 - -123) - -10?
18
Calculate -6 + (6 - (-1 - (6 - 0))) + 4.
11
Evaluate -2 + (10 + -27 + 14 - (0 + -13)).
8
What is the value of -10 + 10 + -5 + -18?
-23
-1 + (-15 + 6 - (-4 - (-4 + 3)))
-7
What is (5 - 1) + (-13 - 14 - -14)?
-9
Calculate 2 + 11 - (46 - 25).
-8
Calculate (-29 - -65 - 17) + (2 - -6) + -1.
26
What is -7 + (4 - (-41 + 7) - 12)?
19
What is the value of (46 - 61) + -2 + -15?
-32
Calculate -6 + (7 - (-4 - 7)) + (-3 - -2).
11
Calculate -25 + (-7 - -21) + 7 + 0 + 16.
12
34 + 6 + -18 + 5 + -8 - 1
18
Calculate (-10 - (8 - 17)) + -2 + 8 + 1.
6
-6 + (-2 - 2) + (-57 - -89)
22
What is the value of -4 + 2 + 6 + 14?
18
What is the value of 1 + -5 - ((18 - 36) + 18)?
-4
What is the value of -110 - -106 - (-19 - -2)?
13
What is the value of -2 + (-7 - -3) + 17 + -13?
-2
What is -4 - 14 - 0 - (-8 - -3 - 0)?
-13
Calculate -2 - 2 - (-5 + 38 - 54).
17
What is the value of (4 - (15 + -4)) + (-1 - -2) + 3?
-3
Calculate -2 - ((-24 - -13) + 8).
1
Evaluate (5 - 7 - -1) + -3.
-4
Calculate -12 + 1 + (-26 - -19).
-18
Evaluate (14 - 11) + -7 + -6 + 17.
7
Evaluate 8 - (-2 + (-3 - -3) + 19).
-9
Calculate 20 + -6 - (-12 - -15).
11
What is -3 + 6 + 0 + 0 - -4?
7
Calculate 27 + -1 + 25 + -33 - (2 - -2).
14
What is 15 + -30 + -18 + 33?
0
(-13 - (9 - 8 - (1 - -7))) + -4
-10
1 - 11 - (0 - -5 - (-5 + 12))
-8
What is -5 + (-2 - (0 + -1) - (0 - -4))?
-10
Evaluate (5 + -3 - -20) + 2 + 27 + -23.
28
Evaluate (-16 - -5) + 9 - (6 - 14).
6
What is 10 + 0 - (-4 - -9 - 6)?
11
Calculate 8 - (2 + 1 + -4 + 32 + -34).
11
What is the value of 5 - -16 - (8 - (-14 - -6))?
5
What is -3 - -10 - (0 + -4)?
11
Calculate (11 - -8) + 6 + (-1 - 13).
11
20 + -24 + 38 - (-2 + 13)
23
-5 + 12 - (-5 - (2 - (1 - -2)))
11
Evaluate -36 + 1 - (-34 + (26 - 5)).
-22
What is -26 - -42 - 8 - (24 - 2)?
-14
Calculate 4 + 0 - (-2 + (-2 - 0) + -5).
13
What is 1 - (-2 + 1 + -7) - (-249 - -252)?
6
-29 + (-18 + 12 - -1 - -8)
-26
-37 + -26 + 116 + -45
8
Evaluate 17 - 8 - 8 - 1 - (5 - -2).
-7
What is the value of -19 + 18 + 6 + 14?
19
What is -8482 + 8453 + (2 + (1 - 0) - 1)?
-27
Evaluate (6 - 4 - (-4 - -5)) + -1.
0
Calculate 0 + (7 - 7) - -4.
4
What is -1 + -4 + (-20 - -9) + 7?
-9
What is the value of (5 - 16) + 5 - (15 + -9)?
-12
7 - 0 - (14 + 13 + -5 + -26)
11
What is the value of (1 - (9 + -2 + -3)) + -10 + 8?
-5
What is 1 + (-7 + 10 - -5)?
9
-13 + 1 - (-17 + -4 + 10 + 8)
-9
893 + -870 + -8 + (0 - -2)
17
What is -9 + (-9 - (-3 - (18 + -7))) - -12?
8
6 + 34 + -12 - 25
3
(-10 - 0) + (8 - (2 + 4))
-8
Evaluate -21 + (7 - (9 - -3)) - -11.
-15
-6 - (19 + -9 + 3 + -4)
-15
What is the value of (-4 - -4) + (-11 - -17) + 0 + 8?
14
Calculate -2 + 0 + -5 + 8 + -9 + 6.
-2
Evaluate (2 - (-9 - -58) - -13) + 6.
-28
-14 + (24 - 14 - 7)
-11
Calculate 14 + -20 - -16 - 1.
9
8 - 28 - (-23 + 4)
-1
What is 7 - (22 + -54 + 23)?
16
Calculate -7 - 8 - -10 - -5 - -14.
14
What is the value of -3 - (-9 - 0) - -2 - (9 - -6)?
-7
Calculate -9 + 1 + 1 - 3.
-10
1 + 3 + 3 + 6
13
What is the value of -12 + (-2 - (3 + 0)) + 2?
-15
8 - (-3 - (-19 + 8)) - -11
11
Evaluate 33 + (18 - 6 - 6) + -18.
21
Calculate -7 - (11 + (-5 - -6)) - 3.
-22
25 + ((-16 - -8) + 14 + -1 - 8)
22
Calculate -5 + (-32 - -4) + 12.
-21
Calculate 24 - (15 + -7) - (10 + -1).
7
14 + 1 - (-118 + 136)
-3
What is the value of 2 - 6 - (34 + (26 - 69))?
5
What is (-14 + (6 - -1) - -9) + -2 + -1?
-1
-5 - ((-13 + 5 + 0 - 31) + 2)
32
What is 10 + (14 - 21) - (6 - 9)?
6
Evaluate (1 - -2) + (-176 - -167).
-6
Evaluate (12 - -10 - 12) + -19.
-9
What is -3 - (-7 - -2) - -16 - 11?
7
Calculate 43 + -22 + (-34 - 0).
-13
Evaluate -10 - ((3 - 14) + 11).
-10
12 + -3 + 2 + (-2 + 7 - 10)
6
What is the value of 16 - 2 - (-33 - (4 + -47))?
4
Calculate 1 + (1 - 4) - (2 + -4).
0
-6 + 9 - (-5 - -5 - (0 - 2))
1
What is (7 - -2) + -22 + 41 + -49?
-21
What is -7 + 1 + (42 - 11) + -28?
-3
Calculate (-1 - -1) + (0 - -9 - 6) + 7.
10
What is 10 + -5 + 5 - 19?
-9
What is the value of (37 - 46) + (7 - -2)?
0
(-22 - -14 - -3) + 1 + -10
-14
99 + -52 + -19 + (0 - 3)
25
27 + -8 - 0 - (-5 - -13)
11
Evaluate 4 + -4 - -6 - (-77 + 77).
6
Calculate (-43 + 39 - ((1 - -2) + 3)) + 9.
-1
What is the value of -13 + (1 - -11) + -5 + -8?
-14
Calculate -7 - (11 + (-4 - 5 - -6)).
-15
What is -13 + (-6 - (11 + -40) - 17)?
-7
-16 + 12 + 1 + 1
-2
Evaluate 10 + -17 - (-2 + -6 - 20 - -8).
13
Calculate (-2 - (1 - 4)) + (-79 - -67).
-11
(-11 - 7) + 4 + 24
10
5 - (-19 + 11 + 4)
9
Calculate (26 - 19) + (2 - 4) - (5 + 4).
-4
What is (0 + 27 - -1) + 38 + -12 + -30?
24
Calculate (-1 - (-5 + 3)) + (-14 - 1 - -1).
-13
What is the value of 11 + (-16 - -2) + 33?
30
Calculate (14 - 11) + -11 + 6.
-2
(-17 - 2) + -1 + 0 + 10
-10
What is -23 + -20 + 17 + 30?
4
Evaluate (-12 - (-3 + -2)) + (18 - -2) + 0.
13
What is the value of 2 + 5 + -4 + 7 + -4?
6
-2 - 2 - (0 + 1) - (-5 + 0)
0
9 - (11 - (-15 - -17))
0
Calculate -36 + 17 + 13 + (26 - 8).
12
Evaluate (8 - -1) + 0 + -8.
1
What is the value of -10 + (14 - 17) + 10?
-3
0 + -20 + (11 - -1)
-8
-10 + (21 - (-3 + (12 - (-1 + 7))))
8
What is the value of -18 - -8 - 19 - -8?
-21
What is -24 + -13 + 16 + (22 - 12)?
-11
66 + -94 + 0 + -2 + -3 + 9
-24
Calculate (-21 - (-18 - 10)) + -9.
-2
What is (2 - (-1 - -3)) + -9 + 18 + -9?
0
What is the value of -8 - (0 + -7 + (2 - 1) + 10)?
-12
Calculate -58 - (-15 - (-17 - -41)).
-19
Evaluate (63 - 85) + 3 + (-4 - (3 + -16)).
-10
Calculate -4 - (-13 - -2 - -17).
-10
Evaluate ((4 - 7) + 3 + -4 - -16) + -21.
-9
What is the value of (-69 + 36 - -38) + -18?
-13
Calculate -129 - -137 - (-2 - -8).
2
What is the value of (133 - 133) + 2 + -5 + 0 - 8?
-11
What is 